hat is the greatest common divisor of 63 and j?
7
Suppose -j - 8 = -5*c, -12 = -5*c - 0*j - j. Suppose 0 = -h - 5*z, 4 + 8 = -2*h + c*z. Let v = h - -27. What is the greatest common divisor of v and 22?
22
Suppose 0 = 159*r - 164*r - 4*m + 34062, 3*r = 4*m + 20418. What is the highest common divisor of 30 and r?
30
Let w = -11 + 28. Suppose 6*b + 5*g - 2 = 8*b, -3*g = 4*b - 22. Suppose -r + 3*r = -b*p + 282, -48 = -p + 4*r. Calculate the highest common divisor of w and p.
17
Let i(v) = -v**3 - 12*v**2 - 19*v + 20. Suppose -22*u - 45 - 175 = 0. Let f be i(u). Calculate the highest common factor of 35 and f.
5
Let v = -1219 + 1229. Suppose 4*b - 2*q = q + 2108, -2654 = -5*b - q. What is the greatest common divisor of b and v?
10
Suppose 27 + 367 = -m. Let o = m + 407. What is the highest common divisor of 403 and o?
13
Let w(r) = -r**2 + 30*r - 106. Let n be w(26). Let b be 52/(-3)*51/n. Calculate the greatest common divisor of b and 26.
26
Suppose q + 18 = 23. Suppose q*x - 8 = 4*x. Suppose x*n = 61 - 5. What is the greatest common divisor of n and 7?
7
Let s(r) = 42*r - 7. Let u be s(11). Suppose -8*o + u = -o. Suppose -10*a + 277 - 17 = 0. What is the greatest common factor of o and a?
13
Let q = -342 - -1718. Calculate the highest common divisor of 48 and q.
16
Suppose -4*w + 8239 = -11*w. Let g = -313 - w. Calculate the greatest common divisor of g and 32.
32
Suppose -38*u - 2508 = -16*u. Let j = u + 119. Calculate the highest common factor of 125 and j.
5
Let c = 47206 - 23842. What is the highest common factor of c and 33?
33
Suppose -4 = -4*a, -1 = 3*b - 3*a - 4. Suppose -b*v - 65 = -4*v - 5*k, 4*v - 90 = -2*k. Calculate the greatest common divisor of 100 and v.
20
Let v = -30652 + 30681. Suppose -4*j + 522 = -2*j. Calculate the highest common factor of v and j.
29
Let r(h) = -10*h - 414. Let v be r(-47). Suppose -2*z + 74 = -v. Calculate the greatest common factor of 15 and z.
5
Let p be 21 + -1 - (0 + -3). Let d(q) = q**2 + 5*q + 9. Let b be d(-2). Suppose -b*v + v = -184. Calculate the greatest common divisor of v and p.
23
Suppose -10 = 2*y, 284 = 4*p + y - 11. Suppose 5*q = 130 + p. Let k = q + -5. Calculate the highest common divisor of k and 36.
36
Let k be 320/128*(-144)/(-10). Calculate the highest common divisor of 4689 and k.
9
Let n(m) = -m**3 - 21*m**2 + 52*m + 140. Let q be n(-23). Calculate the highest common divisor of 32 and q.
2
Let r = -112594 + 112633. Let d = -316 + 628. What is the greatest common divisor of d and r?
39
Let s(n) = -3*n - 2. Let j be 2/(-14) + (-11)/(-77) - 2. Let m be s(j). Suppose 6*i - m*i - 4 = 0. What is the greatest common factor of 1 and i?
1
Let p be (-357)/(-21) - 13 - 3338/(-2). Calculate the highest common factor of 7 and p.
7
Let k = -1021 + 1059. Calculate the greatest common divisor of k and 3002.
38
Let b(i) = -5*i - 20. Let k be b(3). Let t be (-63)/k + -2 + (-92)/(-10). Let w be (8 + 1)/((-2)/(-22)). Calculate the greatest common factor of w and t.
9
Let p = -16998 + 24941. Calculate the greatest common divisor of p and 169.
169
Let i be (-121 + (-3)/(-3))*(8 - 7). Let z be i/(-2) + -3 + (-1 - 5). What is the greatest common divisor of 3 and z?
3
Let r(c) = 711*c**2 - 38*c - 45. Let l be r(-2). Calculate the highest common divisor of l and 2125.
125
Let z = -5690 - -5724. What is the highest common factor of z and 4556?
34
Let j = 46 - 24. Let v be (-16)/(-20) - (-33)/15. Let p be ((-9)/(-6))/(v/220). Calculate the highest common factor of j and p.
22
Suppose 10*v - 233 = 2497. Let i = 399 - v. Let r be 4/(-3)*105/(-10). What is the greatest common divisor of r and i?
14
Let a be (-2)/(-3) - (-28 - (-39117)/(-117)). Calculate the greatest common divisor of a and 132.
33
Let i = -68 - -68. Suppose -b = 4*j - 388, 3*b - 1 - 11 = i. What is the highest common factor of 3 and j?
3
Suppose 76*w - 101*w + 15575 = 0. Calculate the highest common divisor of w and 238.
7
Let b be (1/(-1))/(39/(-25506)). Let h = -410 + b. Calculate the highest common divisor of 4 and h.
4
Suppose -t + 4*t = -21. Let o be t/(-4) - (2 - 27/12). Let b be (-5 + o)*(115/(-15) - 3). Calculate the greatest common divisor of 8 and b.
8
Let j(q) = 5335*q + 2268. Let o be j(8). Calculate the highest common factor of 34 and o.
34
Suppose 0 = -14*f + 15*f - 54. Let v(r) = -4*r + 12. Let w be v(-5). Suppose -w = -2*k + 4. Calculate the greatest common factor of f and k.
18
Suppose -48 = -4*j - 4*j. Suppose 0 = -j*g + 240. Suppose -5*y - 360 = -17*y. What is the highest common factor of y and g?
10
Let z = 33 + 3177. Let x be z/(-78) + 4/26 + 3. Let d = -37 - x. What is the greatest common divisor of d and 1?
1
Suppose -3*l + 11 = 3*v - 10, v = -2*l + 9. Suppose -68 = v*a + 62. Let h = a + 53. Calculate the highest common factor of h and 9.
9
Suppose -3*j + p + 1602 = 0, 5*j - 3*p = 1825 + 849. Suppose 4*t + 9 = 4*v - 27, 5*v - 3*t - 53 = 0. Calculate the greatest common divisor of v and j.
13
Let y = 2854 + -2796. What is the highest common divisor of 522 and y?
58
Suppose -15 = -y - 14, 3*y + 497 = 5*j. Let a be (10 + 0)*8*4/8. Calculate the highest common factor of j and a.
20
Let l(v) = -3186*v + 9584. Let i be l(3). Calculate the greatest common divisor of 104 and i.
26
Let p be ((-16)/(-6))/((-2)/(-3)). Let n(h) = -12*h - 4. Let u be n(p). Let a = u - -60. Calculate the highest common factor of 2 and a.
2
Let f(w) = -3*w - 20. Suppose 2*u + 51 = r, -2*r = -u - 0*r - 18. Let z = u + 17. Let q be f(z). Calculate the greatest common divisor of q and 91.
13
Let g(s) = -5*s**2 - 2*s + 5. Let n be g(-3). Let p = 36 + n. Suppose -b + 1 = 0, -53 - 9 = -2*c - p*b. What is the greatest common divisor of 15 and c?
15
Let w = 297 - 108. Suppose -167*a + w*a = 1232. Calculate the greatest common divisor of 24 and a.
8
Let x be (0 - 947*-2) + (-4220)/422. What is the highest common factor of 192 and x?
12
Let r(u) = -3*u**2 + 217*u + 604. Let z be r(75). Calculate the highest common divisor of 2568 and z.
4
Suppose -2*g - w = -12 + 5, -5*g + 5*w = -10. Suppose -62 + 278 = g*l - 3*b, -3*l + 176 = 5*b. What is the highest common factor of 335 and l?
67
Let p(k) be the third derivative of -k**5/60 - 9*k**4/8 - 16*k**3 - 21*k**2. Let m be p(-12). What is the greatest common factor of 48 and m?
12
Let m(c) = -54*c**3 - c**2 - 8*c - 9. Let h be m(-2). Let f be 118378/h + (-4)/30. What is the highest common factor of f and 16?
16
Let i(x) = -5*x + 2556. Let v be i(0). What is the greatest common factor of v and 54?
18
Let j = 10368 + -9996. What is the greatest common factor of 792 and j?
12
Let q be 10*37*(-262740)/(-2175). What is the greatest common divisor of 148 and q?
148
Let a(r) = -4*r + 2. Let w be a(-5). Let y = 743 + -710. Calculate the greatest common divisor of w and y.
11
Suppose -d + 2014 = 4*r + 1987, 0 = 4*d - 28. Suppose 4*h - 45 = 375. Calculate the greatest common factor of r and h.
5
Let c = 18 - 6. Let x(l) be the second derivative of 26*l**3/3 + 2*l**2 + l. Let p be x(2). What is the greatest common divisor of p and c?
12
Let q(a) = -11*a - 1. Let t be q(-1). Suppose -6456 + 1380 = -36*w. Let h = 221 - w. Calculate the greatest common divisor of h and t.
10
Let p = -37 + 43. Let h = -18 + p. Let y be (54/h)/(2/(-64)*2). What is the greatest common divisor of 9 and y?
9
Let y(q) = -q**2 - 23*q + 84. Let s be y(-23). Suppose -2*t + 57 = -4*a + 1, -s = -3*t - 5*a. Let l = -2 + 9. What is the highest common factor of l and t?
7
Let q(w) = -w**3 - 58*w**2 - 73*w - 3646. Let a be q(-58). What is the greatest common factor of 273 and a?
21
Suppose u - 3*b = -5, u + 2 = -u + 2*b. Let l be (8 + 10)/(u/4). Let j = l + -67. What is the highest common divisor of j and 5?
5
Suppose 36 = 3*b + 2*x, 0 = -3*b - 0*x + 4*x + 54. Suppose -b + 53 = 3*c. What is the highest common divisor of 26 and c?
13
Let c = 10331 - 6854. What is the greatest common factor of 1464 and c?
183
Suppose 4*l - 4*w + w - 81 = 0, 34 = l + 2*w. Let h = -23 - -23. Suppose h = 58*b - 52*b - 360. What is the highest common factor of l and b?
12
Let j(a) = -a**2 + 20*a + 25. Suppose 101 = 6*x - 7. Let i be j(x). Let r be i + 5*(-3)/(-5). What is the highest common divisor of 160 and r?
32
Let j be (-2)/1 - 9 - (-11534 + 21). What is the greatest common div